- 3*o - 3. Give u(5).
-43
Let u(k) = -9*k + 5. Determine u(-3).
32
Let v(f) = -2*f**2 - 10*f + 23. Calculate v(2).
-5
Let u(o) = o**3 + 9*o**2 - 49*o - 6. What is u(4)?
6
Let j(u) = 2*u**3 - 16*u**2 - 16*u - 21. Give j(9).
-3
Let u(r) = -r**3 + 3*r**2 - r + 8. Give u(0).
8
Let m(v) = 5*v - 301. Calculate m(60).
-1
Let k(x) = x**2 - 22*x + 11. Calculate k(10).
-109
Let k(m) = 4*m + 114. What is k(-27)?
6
Let h(c) = 9*c**2 - 3*c - 21. What is h(-4)?
135
Let m(g) = 33*g + 79. Determine m(-2).
13
Let y(o) = -o - 5. Give y(-4).
-1
Let x(h) = -15*h - 93. Calculate x(-11).
72
Let q(d) = -d**3 + 6*d**2 - 10*d + 11. Determine q(5).
-14
Let r(c) = -c**3 - 4*c**2 - 2*c - 7. Calculate r(-3).
-10
Let z(w) = -w**3 - 3*w**2 + 22*w + 56. Determine z(-5).
-4
Let w(c) = c**3 - c**2 - 2*c + 10. What is w(0)?
10
Let x(o) = -o**2 + 8*o - 3. Calculate x(7).
4
Let c(u) = 179*u + 1065. Calculate c(-6).
-9
Let b(h) = -5*h**2 + 60*h + 11. Determine b(12).
11
Let n(m) = m**3 - m**2 - 1. Determine n(-3).
-37
Let j(d) = 17*d - 1. Give j(-1).
-18
Let s(u) = -u**3 - 17*u**2 + 18*u - 13. Give s(-18).
-13
Let k(o) = -8*o + 4. Calculate k(5).
-36
Let m(t) = 4*t - 15. Give m(3).
-3
Let z(b) = -b**2 - 10*b + 12. Calculate z(-10).
12
Let m(z) = -z**2 - 4*z + 12. What is m(-7)?
-9
Let i(w) = -36*w + 75. What is i(2)?
3
Let s(q) = 25*q - 156. Calculate s(6).
-6
Let z(x) = x + 64. Calculate z(-30).
34
Let n(u) = 2*u + 1. What is n(4)?
9
Let r(j) = j**2 - 21*j + 43. What is r(19)?
5
Let a(w) = -w**2 + 7*w. Calculate a(6).
6
Let o(w) = -2*w - 10. Give o(-8).
6
Let b(u) = u**2 - 7*u - 14. Calculate b(8).
-6
Let p(s) = -s**3 + 12*s**2 - 10*s - 6. Calculate p(11).
5
Let a(v) = v**2 + 6*v + 2. Give a(-7).
9
Let p(f) = -f**2 - 12*f - 32. Determine p(-13).
-45
Let l(f) = -f**3 + 4*f**2 - 3. Give l(4).
-3
Let y(w) = -w**3 + 2*w**2 + w - 3. Give y(2).
-1
Let d(f) = -f**3 - 8*f**2 + 4*f - 7. Give d(-8).
-39
Let c(k) = -k**3 + 4*k**2 - 7*k + 10. Calculate c(3).
-2
Let j(q) = q**3 - 7*q**2 - 118*q - 29. Give j(15).
1
Let b(g) = -25*g + 102. Determine b(6).
-48
Let z(s) = 7*s - 94. Determine z(13).
-3
Let s(o) = o**2 + 30*o - 307. Give s(8).
-3
Let f(x) = -x**3 + 9*x**2 - 2*x + 14. Determine f(7).
98
Let l(d) = -2*d**2 + 4*d + 3. Determine l(-2).
-13
Let z(v) = v**2 - 5*v - 10. Calculate z(-5).
40
Let m(n) = -n - 6. What is m(-11)?
5
Let h(q) = -6*q**3 - 2*q**2 + 1. Calculate h(-1).
5
Let f(u) = -6*u**3 + u**2 + 2*u + 1. Give f(-1).
6
Let o(a) = -39*a + 312. Give o(8).
0
Let n(p) = -2*p**3 + 12*p**2 - 13*p + 26. What is n(5)?
11
Let u(o) = -o**3 + 3*o**2 + 9*o - 2. Determine u(7).
-135
Let b(g) = 7*g - 11. What is b(8)?
45
Let g(j) = -15*j + 26. What is g(-8)?
146
Let k(i) = -75*i + 361. What is k(5)?
-14
Let w(m) = m**3 - m**2 + m + 1. What is w(0)?
1
Let t(x) = x**3 - x**2 + 2*x - 2. What is t(0)?
-2
Let m(c) = 7*c - 2. What is m(3)?
19
Let l(n) = -n**2 + 9*n - 12. Calculate l(8).
-4
Let w(z) = z**2 + 29*z + 172. What is w(-15)?
-38
Let z(a) = 2*a**3 + 31*a**2 + 46*a + 60. What is z(-14)?
4
Let r(u) = -u**2 + 9*u - 12. Determine r(9).
-12
Let b(g) = -g - 7. Give b(-2).
-5
Let z(n) = 2*n**3 - 13*n**2 + 4*n + 19. What is z(6)?
7
Let y(s) = s**2 + 5*s + 6. Calculate y(-7).
20
Let p(w) = -4*w + 10. Calculate p(2).
2
Let d(z) = -2*z**2 - 20*z + 12. Give d(-10).
12
Let x(d) = d**2 + 13*d - 8. Calculate x(-14).
6
Let x(t) = -8*t - 3. Calculate x(-1).
5
Let k(l) = -l**3 + l**2 + 8*l + 3. Give k(3).
9
Let q(r) = 2*r - 13. Give q(6).
-1
Let i(g) = -g**3 + 5*g**2 + 3*g - 8. Determine i(4).
20
Let q(s) = -12*s**3 - 4*s**2 - s + 4. Give q(1).
-13
Let g(l) = l**3 + 7*l**2 + 8*l + 4. Determine g(-5).
14
Let t(n) = n + 13. What is t(-5)?
8
Let w(t) = -8*t - 2. Give w(-2).
14
Let k(d) = 2*d**2 - 3*d + 3. Give k(3).
12
Let i(c) = 3*c - 1. Determine i(3).
8
Let q(l) = 64*l - 235. Calculate q(4).
21
Let i(r) = -38*r - 181. Determine i(-5).
9
Let l(u) = -3*u**2 - 6*u + 6. Determine l(-3).
-3
Let s(i) = -2*i + 3. Determine s(0).
3
Let p(a) = a**3 + 4*a**2 + 7*a - 4. Determine p(-6).
-118
Let a(x) = x**2 - 21*x + 47. Determine a(12).
-61
Let f(t) = 2*t**2 + 15*t + 16. Determine f(-6).
-2
Let s(f) = -f**3 - 11*f**2 - 2*f - 18. Give s(-11).
4
Let a(b) = -b**2 - 12*b + 25. What is a(-13)?
12
Let i(l) = l**3 - 10*l**2 + 9*l - 3. What is i(6)?
-93
Let g(i) = 27*i - 11. Give g(-4).
-119
Let k(w) = -4*w - 38. Give k(-8).
-6
Let g(k) = -42*k. Determine g(-3).
126
Let v(i) = -4*i + 13. Determine v(-8).
45
Let l(k) = -k**3 + 5*k**2 - 4*k - 1. What is l(4)?
-1
Let a(l) = 3*l**2 - 117*l. Calculate a(39).
0
Let s(h) = h**3 + 2*h**2 + 4. Give s(-3).
-5
Let c(r) = r**3 - 11*r - 8. What is c(4)?
12
Let s(l) = 16*l + 92. Give s(-7).
-20
Let o(n) = 5*n**3 + 2*n**2 - 1. Determine o(1).
6
Let b(h) = 8*h**3 - 4*h**2 - 2*h + 1. Calculate b(-1).
-9
Let b(v) = 2*v - 1. What is b(4)?
7
Let n(f) = -3*f**2 - 2*f - 3. Determine n(-2).
-11
Let s(k) = k**3 - 6*k**2 + k + 4. Give s(6).
10
Let o(i) = -i**3 - 6*i**2 + 21*i + 8. Determine o(-8).
-32
Let d(k) = k**2 - 23. Give d(0).
-23
Let u(l) = l**3 + 2*l**2 - l - 4. Determine u(-3).
-10
Let i(y) = y**2 - 4*y - 1. Determine i(7).
20
Let h(d) = 2*d**2 - 2. Calculate h(2).
6
Let t(y) = y**2 + 14. Give t(-9).
95
Let t(b) = -b - 6. Give t(4).
-10
Let y(j) = j**3 + 13*j**2 + 10*j - 10. Determine y(-12).
14
Let j(f) = f**2 + 6*f - 9. What is j(-8)?
7
Let l(y) = -13*y - 126. Give l(-10).
4
Let k(x) = x**3 + 11*x**2 - 4*x - 4. Give k(-11).
40
Let u(v) = 11*v - 125. Calculate u(11).
-4
Let y(c) = -14*c + 434. What is y(32)?
-14
Let w(b) = b**3 + 4*b**2 - 4*b + 2. Calculate w(2).
18
Let d(m) = -m**3 - 9*m**2 + 6*m - 6. Calculate d(-9).
-60
Let q(w) = -10*w**3 + 3*w + 3. Calculate q(-2).
77
Let h(i) = i**2 - 16. Calculate h(-5).
9
Let s(v) = -v**2 - 18*v - 34. What is s(-15)?
11
Let d(b) = -b**2 + 17*b - 21. Give d(12).
39
Let q(f) = f**2 + 21*f + 64. Give q(-18).
10
Let y(g) = -28*g + 1. Calculate y(-2).
57
Let d(y) = -y + 8. What is d(13)?
-5
Let l(x) = -29*x + 6. Calculate l(-5).
151
Let o(m) = -3*m**3 - 4*m**2 + m - 10. Calculate o(-4).
114
Let a(w) = 3*w**2 - 3*w + 1. Determine a(1).
1
Let s(w) = w**3 - 4*w**2 - 4*w + 5. Determine s(4).
-11
Let u(h) = -h**2 - 25*h + 161. Determine u(-30).
11
Let l(g) = g**3 + 9*g**2 + 14*g + 3. Calculate l(-7).
3
Let c(v) = -3*v**2 + 26*v - 11. Determine c(8).
5
Let l(j) = -j**3 + 16*j**2 - 22*j - 83. Determine l(14).
1
Let v(s) = -66*s - 17. Determine v(-1).
49
Let i(q) = -q**3 + 6*q**2 + 7*q - 42. Determine i(3).
6
Let z(p) = p + 52. Calculate z(-21).
31
Let g(z) = -z**2 + 4*z. Determine g(4).
0
Let z(t) = t - 11. Calculate z(15).
4
Let a(z) = -2*z + 6. Give a(7).
-8
Let m(w) = -2*w**2 - 2*w + 50. Give m(0).
50
Let b(y) = y**2 - 24*y - 302. Calculate b(33).
-5
Let j(c) = 3*c**2 + 55*c - 11. Calculate j(-19).
27
Let g(w) = -w**3 + 7*w**2 - 8*w + 16. What is g(6)?
4
Let k(j) = j**2 - 8*j + 22. Give k(9).
31
Let x(w) = -w**2 + 47. Calculate x(-9).
-34
Let b(g) = 2*g**2 - 41*g - 30. Give b(22).
36
Let p(c) = -c**3 - 11*c**2 - 33*c - 15. Determine p(-6).
3
Let z(y) = -y**3 + 2*y**2 + y - 1. Give z(-1).
1
Let d(f) = 2*f**3 - 5*f**2 - 18*f - 29. What is d(5)?
6
Let m(h) = -4*h**2 - 11*h - 39. Determine m(-3).
-42
Let l(a) = -a**3 + 11*a**2 - 4*a - 27. Determine l(11).
-71
Let h(t) = t**2 - 10*t + 17. What is h(9)?
8
Let s(h) = -4*h - 32. Give s(-7).
-4
Let g(y) = -y**3 + 2*y**2 - 4*y + 3. What is g(2)?
-5
Let k(s) = -6*s + 181. What is k(32)?
-11
Let v(c) = c**3 - 6*c**2 + 4*c + 6. Give v(5).
1
Let x(u) = 13*u + 3. What is x(-2)?
-23
Let v(c) = 10*c + 45. Determine v(-4).
5
Let x(a) = 2*a**3 - 11*a**2 - 3*a - 6. Calculate x(6).
12
Let n(q) = -3*q - 27. Calculate n(-8).
-3
Let a(o) = -o**2 + 91*o - 20. Give a(0).
-20
Let v(a) = 3*a + 3. Calculate v(3).
12
Let h(s) = 12*s**2 - 13*s + 11. What is h(1)?
10
Let p(j) = -8*j + 7. Determine p(-3).
31
Let l(a) = a**3 - 6*a**2 - a - 3. Calculate l(6).
-9
Let r(l) = l**2 + 12*l + 1. Give r(-11).
-10
Let n(c) = -91*c + 92. Give n(1).
1
Let f(r) = -r**2 + 2*r + 1. Give f(0).
1
Let u(f) = 5*f - 5. Determine u(6).
25
Let v(r) = -r**2 + 10*r - 5. Give v(3).
16
Let p(g) = -3*g - 19. Give p(3).
-28
Let v(u) = -u**3 - 8*u**2 + 22*u + 13. What is v(-10)?
-7
Let z(g) = -g**3 - 2*g**2 - g - 13. Give z(0).
-13
Let q(r) = r**3 - 2*r**2 - 99*r +